d(l) = l**2 + 9*l - 12. Suppose -r + 3*r = 20. Suppose 0 = -49*o + 48*o - r. What is d(o)?
-2
Let k = 6 + -8. Let x be k*(2 + -5) + -2. Let w(o) = 3*o - 7 + x*o**2 - 4*o**2 - 2*o**2 + 3*o**2. Calculate w(-5).
3
Suppose -3*g - 33 = 5*d, -5 + 0 = d - g. Let m(h) = 20*h**3 - 6*h**2 - 13*h + 6. Let x(s) = 9*s**3 - 2*s**2 - 6*s + 2. Let v(l) = 4*m(l) - 9*x(l). Give v(d).
-6
Let r(a) be the second derivative of -a**3/3 - a**2/2 - 206*a. Give r(-7).
13
Let v(m) = m**2 - m - 10. Suppose 3*d = -2*d + 130. Suppose -d + 26 = 2*p. Determine v(p).
-10
Let a(v) = -v**3 + v**2 + 2*v - 1. Let b(c) = -c**2 - 9*c - 2. Let g be b(-6). Let r = 6 - g. Let q = 8 + r. Calculate a(q).
7
Let l(z) be the second derivative of -z**4 + 1/6*z**3 + 0 + 21*z + 0*z**2. What is l(1)?
-11
Let g = 12 + -10. Suppose 8 + 2 = -4*y + 2*w, 5*y - g*w = -14. Let s(p) = -p**2 + 5 - p**2 + p + 3*p**2. Calculate s(y).
17
Let f = 244 + -233. Let y(r) = -r + 18. Determine y(f).
7
Let q(w) = w**2 + 4*w - 5. Let d be 16/(-10)*(-90)/12. Let p(o) = -o**3 + 13*o**2 - 12*o - 9. Let m be p(d). Let i = -14 - m. What is q(i)?
0
Let o(v) be the first derivative of -v**3 - 3*v**2/2 + 4*v - 6. Let c = 221 - 224. Give o(c).
-14
Let j be 7/(-49)*-191 - 4/14. Suppose 6*x - x - 115 = 0. Let h = x - j. Let i(z) = -z**3 - 4*z**2 - z + 2. Calculate i(h).
6
Let g(p) = -p - 5 + 2*p - 2 + 13. What is g(-4)?
2
Let j(d) = -d**2 - 6*d + 11. Let v be 84/(-9)*(-6)/4. Let g be (2 - v)*8/(-12). Let m(t) = t**2 - 10*t + 8. Let x be m(g). Give j(x).
-5
Let l(u) = 34*u - 12. Let v(p) = -7*p + 2. Let w(b) = l(b) + 5*v(b). Let d(r) = -r**3 + 5*r**2 - 6. Let m be d(5). Give w(m).
4
Let c(n) = 15*n + 387. Let t be c(-26). Let i(k) = k**3 + 4*k**2 + 2*k + 4. What is i(t)?
7
Let d(j) be the third derivative of 1/12*j**4 - 1/60*j**5 - 2*j**2 + 0*j + 2/3*j**3 + 0. Let r(q) = -q**3 - 5*q**2 + 3. Let t be r(-5). Give d(t).
1
Let j = 1450 + -1453. Let y(p) = 4 - 1 - 5*p**3 - 2*p**2 + 4*p**3 + 4*p. Calculate y(j).
0
Let n(d) be the first derivative of -3*d - d**2 + 20 - 35 - 55. Let m be 6/7*7*-1. Determine n(m).
9
Let k(y) = -1 + 157*y**3 + 2 - 156*y**3 - 6*y**2 + 3*y + 5. Give k(5).
-4
Let a(n) be the second derivative of n**5/20 - n**4/2 + n**3/6 - 3*n**2 - 63*n + 2. Let f = -15 + 21. What is a(f)?
0
Let w(u) = -6*u - 47 - 53 + 103. Suppose -3*t - 16 = -11*t. Calculate w(t).
-9
Let t(k) be the third derivative of k**4/8 - 5*k**3/2 - 495*k**2 - k. Calculate t(5).
0
Let a(c) = -4*c + 6. Let u(j) = 2*j - 5. Let z(p) = 2*a(p) + 3*u(p). Calculate z(-5).
7
Let c(j) = j**3 - 5*j**2 + j - 5. Let s(v) = -54*v + 275. Let i be s(5). Determine c(i).
0
Suppose 3*u = 5*u + 22. Let t = u - -22. Let c(q) = 7*q - 3*q - 3*q - t. Calculate c(5).
-6
Let r(k) = 13*k**2 + 18*k - 14. Let f(g) = 11*g**2 + 17*g - 15. Let i(d) = 7*f(d) - 6*r(d). Calculate i(6).
9
Let x be (4/(-12) - 0) + 15/18. Let v(q) be the first derivative of -x*q**2 - 7 + 5*q. Give v(5).
0
Let y be (1 + 0)/((-220)/(-36) + -6). Let a(p) = -4149*p - p**3 - 4 - y*p**2 + 4149*p. What is a(-9)?
-4
Let x(v) = -v**2 - 10*v - 18. Let a be (-84)/(-12)*(1 + -2). Determine x(a).
3
Let i(h) = 2*h - 2. Suppose -2*c = 2*t - 22, -2*c + 52 = 5*t + 2*c. Suppose -4*j + 0 = -t. Suppose 3*x = -4*l + 8, j*x = 2*l + 4 - 8. What is i(l)?
2
Let o(j) = j + 4. Let f = -30 + 44. Let i = f - 14. Let t = i - 0. What is o(t)?
4
Let r(b) be the first derivative of b**3/3 + b**2/2 - 2*b - 39. Calculate r(-3).
4
Suppose 0 = 5*q - 61 + 46. Suppose -3*x + 7 + 14 = -3*n, 5*x - q*n - 31 = 0. Let w(d) = -d**3 + 5*d**2 - 2. Calculate w(x).
-2
Let t(a) be the first derivative of 8 - 3/2*a**2 + 5*a. What is t(5)?
-10
Suppose 12 = -2*z - 4*f, -3*z + f = -3*f - 22. Let g(h) = -8*h + 2*h**3 + 10*h - 1 - z*h**2 - h**3 - 4*h. Give g(3).
2
Suppose -5*h = -3*v + 390, h - 61 = 2*h - 4*v. Let c = h - -76. Let t(b) = b**3 + 5*b**2 + b + 5. Give t(c).
0
Let s(f) = -f - 8. Let p be (-1)/((-4)/(-144)*6). What is s(p)?
-2
Let x(d) = 5*d - 1. Suppose 0 = 4*o + t - 49, -7*t = 3*o - 4*t - 48. Let r(q) = -14*q + 4. Let j = 8 + -4. Let p(c) = j*r(c) + o*x(c). What is p(5)?
0
Let t(v) = -7*v - 10. Let r(p) = -2*p - 9. Let m(a) = 6*r(a) - 5*t(a). Give m(-2).
-50
Let g(v) = 2*v + 290. Let q(y) = y + 189. Let w(j) = 2*g(j) - 3*q(j). Suppose -3*s = 2*m + 25, 2*s - m + 2 = -10. Calculate w(s).
6
Let c(v) = 20*v**2 + 6*v + 15. Let r(i) = -11*i**2 - 3*i - 8. Let j(a) = 6*c(a) + 11*r(a). Determine j(4).
-2
Let n(m) be the second derivative of m**4/12 + 10*m**3/3 - m**2/2 + 28*m + 1. Determine n(-20).
-1
Let x(q) = -q**3 + 6*q**2 - 7*q - 1. Let y be x(4). Suppose -y*p + 5*p - 5*c + 15 = 0, -6 = p - c. Let r(l) = -2*l - 3. Determine r(p).
7
Let u be (1/(-3))/((-2)/12). Let i(d) be the first derivative of 1/2*d**2 - 2*d - 4 - d**3. Give i(u).
-12
Let c(k) = 5*k**2 - k - 2. Let t be c(-2). Let a = t + -20. Let w(b) = 3*b**2 - b. Let m(z) = -4*z**2 + z - 1. Let r(n) = -4*m(n) - 5*w(n). What is r(a)?
4
Let c(u) = u**2 + 5*u - 1. Suppose 34 = -m + 14. Let q = m + 14. What is c(q)?
5
Let s(c) = 7*c + 1. Suppose 3 = -4*y + 5*q, -98 = 5*y + 5*q - 38. Calculate s(y).
-48
Let g = 28 + -31. Let h(t) = t**2 + 4*t + 7. Let q be h(g). Let u(x) = -x. Let m(r) = 3*r + 2. Let d(k) = -m(k) - 2*u(k). Calculate d(q).
-6
Let a(j) = 3*j + 7. Suppose -42 = 3*m + 3*m. Let x(u) = u**2 + 8*u + 2. Let f be x(m). Give a(f).
-8
Let v(l) = -4*l - 9. Let a(h) = h**3 - 34*h**2 + 2*h - 76. Let q be a(34). Determine v(q).
23
Let g(s) be the first derivative of -s**4/4 - s**3/3 + s**2/2 + 2*s - 41. Suppose -y - 2 = -2*y. What is g(y)?
-8
Let s(r) = -r**3 - 14*r**2 - 24*r - 3. Let o be s(-12). Let p(u) = -11*u - 3. Calculate p(o).
30
Let g = 17 + -20. Let d be -3*6/9 - -2. Let j(k) = -2*k + 2 + d*k - 4. Determine j(g).
4
Let i = -4 - -1. Let u be -2*(-2)/((-6)/i). Let j(q) = 2*q**3 + 3*q**u - 4*q**3 + 4*q**3 + 1 - 2. What is j(-2)?
-5
Let c(m) = -2*m**2 + 15*m**2 + 10*m - 19*m**2 - m**3. Calculate c(-7).
-21
Let r(l) = -l**2 + 3*l + 2. Suppose -5*z = -9*z. Let x be r(z). Let u(c) = -6*c**2 - 3*c + 2. What is u(x)?
-28
Let j be 4 - (6/4 - (-63)/(-14)). Let a(r) = 12*r**2 - j*r + 2 - 10*r**2 - r**2. Calculate a(8).
10
Let c(a) = a**3 + 5*a**2 - 6*a - 5. Suppose 18 = -16*n + 13*n. What is c(n)?
-5
Let t(s) = 9*s**3 - 12*s**2 + 7*s - 2. Let r(b) = -5*b**3 + 6*b**2 - 4*b + 1. Let f(x) = 11*r(x) + 6*t(x). Calculate f(-3).
-22
Let k(h) = 9*h**2 + h. Let a(s) = -17*s**2 - 7*s + 7. Let p(c) = -a(c) - 2*k(c). Calculate p(5).
-7
Let x(q) be the second derivative of q**5/10 + q**4/12 - q**3/6 + q**2/2 - 32*q - 2. Suppose 0 = -r + 6*r - 10. Determine x(r).
19
Let q be 9 + 1 + -1 - (4 - 0). Suppose -q*m = -15, 8*i - 3*i + 41 = 2*m. Let o(g) = -g**3 - 6*g**2 + 8*g + 6. Calculate o(i).
-1
Let c(h) = -11*h + 30. Let g(d) = -2*d + 6. Let u(r) = -c(r) + 4*g(r). Calculate u(9).
21
Let p(f) = -f**2 + 10*f - 15. Let b be p(6). Let a(o) = o**2 - 9*o + 2. Calculate a(b).
2
Let d(q) = -q - 4. Let j be d(-8). Let z = 7 - j. Let g(w) = w**3 - 3*w**2 - 3*w + 4. Let b be g(z). Let l(t) = -t**2 - 3*t + 2. What is l(b)?
-8
Let l(m) = 30*m**2 + 5*m - 31*m**2 + 0*m + 3 + 3*m + 16. Give l(11).
-14
Let z(t) = -t**3 - 6*t**2 - 6. Suppose 4*i + 18 = -5*h - 0, 0 = 3*i - 9. Give z(h).
-6
Let l(v) = -v**3 + 5*v + 3*v**3 + 6*v**3 - 9*v**3 + 6 - 34*v**2 + 29*v**2. What is l(-5)?
-19
Let k(b) = -924 + 2*b**2 - 4*b**3 + 1846 - 925 + 2*b. What is k(2)?
-23
Let u(j) be the third derivative of j**6/120 + j**5/30 + j**4/24 + j**3/2 + 178*j**2. Give u(0).
3
Let y be (96 + -98)/(3 + -1). Let a(z) be the first derivative of 3*z**4/2 - z**2/2 - z - 1. Calculate a(y).
-6
Let k(i) = -i**3 + 4*i**2 - i + 5. Suppose -4*u + 42 = 4*m + 6, 3*m + 5*u = 37. Determine k(m).
1
Suppose 5*p - 4*i = 2, 12 = -p + 2*p + 5*i. Let f(b) = -3*b**2 - 2*b. Determine f(p).
-16
Let q(x) = 125 + 4*x + 129 + 133 - 524 + 131. What is q(4)?
10
Let w(l) = 18*l - 3. Let i(d) = d**2 + 17*d + 32. Let j be i(-15). Calculate w(j).
33
Let x(b) be the first derivative of 5 - b - 13/12*b**4 + 0*b**2 - 1/6*b**3. Let s(d) be the first derivative of x(d). What is s(-1)?
-12
Let i(f) = 5*f**2 - 4*f + 4. Let y(z) = z**2 - z + 2. Let j(x) = -i(x) + 4*y(x). Suppose -l + 39 = 3*l - 3*k, 9 = -l - 3*k. Suppose -l*r = -r. Give j(r).
4
Let x(v) = 11*v - 10 + 9 - v**2 - 10*v. Determin